2)/40). Let a(f) = f**2 - 4*f - 3. What is a(l)?
2
Let t be ((-22)/(-6) + -1)*(-49 + 46). Let b(z) = -z**2 - 9*z + 8. Determine b(t).
16
Let b(s) = 0*s - s**2 + 0*s - 5 + 6*s. Let f(o) = o**2 - o - 4. Let l be f(4). Let m = l - 3. Calculate b(m).
0
Suppose -2*k = k - 4*o - 34, -k + 2 = o. Let y(c) = -3*c**2 + 7*c + 4. Let l(r) = 4*r**2 - 8*r - 3. Let a(j) = 2*l(j) + 3*y(j). Calculate a(k).
0
Let o = -1 - 5. Let n(h) = h**3 + 7*h**2 + 8*h + 6. What is n(o)?
-6
Suppose -2*j = -13 + 5. Let n = 0 + j. Let b(k) = -n*k + 3*k - k + 7. What is b(5)?
-3
Let b be (-152)/12*6/(-4). Let m = b + -18. Let k(u) = -3*u**2 + 1. Give k(m).
-2
Suppose 15*f + 22 = -23. Let h(x) = x + 2. Calculate h(f).
-1
Let n be ((-3)/270)/((-2)/3). Let r(y) be the third derivative of 0 + 0*y + 1/4*y**4 + n*y**5 - y**2 + 1/2*y**3. Calculate r(-5).
-2
Let i = 28 + -27. Let c(d) = 5*d**3 + d - 1. What is c(i)?
5
Let d be (-12)/8*((-24)/(-9))/(-2). Let h(f) = -2*f**2 - f - 1. Give h(d).
-11
Let w(t) = -9*t + 19. Let l(g) = 4*g - 9. Let b(d) = 13*l(d) + 6*w(d). Determine b(-2).
1
Let x(j) be the second derivative of -j**3/6 - 2*j**2 + j. Let d(t) = -t**3 - 2*t**2 - t + 1. Let s be d(-2). Calculate x(s).
-7
Let t(s) = -3*s**2 + 8*s - 5. Let r(l) = -l**2 + l - 1. Let p(y) = 2*r(y) - t(y). What is p(6)?
3
Let q(d) = 4*d - 117 - 2*d**2 + 107 + 3*d**2. Give q(-7).
11
Let w(z) = -z**2 - 4*z + 2. Let t(u) = -3*u**2 - 11*u + 7. Let l(y) = -2*t(y) + 7*w(y). Calculate l(-5).
5
Let t(b) be the second derivative of -b**5/20 - b**4/6 + b**3/6 - b**2/2 + 2*b. What is t(-2)?
-3
Let z(h) be the first derivative of 5/2*h**2 + 2/3*h**3 - 6 + 3*h. Give z(-3).
6
Suppose 14*g = 4*g. Let z(t) = -t**3 + 3*t**2 + 3*t + 7. Let w(p) = p**2 + p - 1. Let c(l) = 3*w(l) - z(l). Calculate c(g).
-10
Let u(h) be the second derivative of -7*h**3/6 - h**2/2 - h. Let x be (-7)/(-14)*(1 + -3). What is u(x)?
6
Let x(t) = t + 6*t**2 + 0*t**2 + 0*t. Suppose 4*j = -1 + 5. Determine x(j).
7
Let u(x) = x**3 + 6*x**2 + 5*x + 2. Let o be (-210)/(-28)*(-4)/6. What is u(o)?
2
Let c(g) = -13*g + 1. Let o = 34 - 32. Give c(o).
-25
Let r(i) be the first derivative of -i**4/4 - 4*i**3/3 + 3*i**2/2 - 2*i - 4. Let g(z) be the first derivative of z**2 + 3*z + 2. Let k be g(-4). Determine r(k).
8
Let w(k) be the first derivative of k**4/4 - 2*k**3/3 + k**2/2 - 4*k + 18. Give w(3).
8
Let d = 6 - 4. Suppose -d*y + 2 = -2. Let n(a) = a**2 + a + 1. Determine n(y).
7
Let w(i) be the second derivative of -i**4/12 - i**3/2 - 2*i. Suppose -a - 28 = 6*a. Determine w(a).
-4
Suppose -10 = -m - 7. Let f(i) = 3*i - 2. Calculate f(m).
7
Let a = 17 - 19. Let t(f) = f**3 + 3*f**2 + f - 2. Calculate t(a).
0
Let j be 4 + 4*(-2 - -1). Suppose 5*k - 7*s + 3*s + 6 = 0, j = 4*s - 16. Let x(a) = a**3 - 2*a**2 - 2. Calculate x(k).
-2
Suppose -z = -2*s + 5*s - 19, 3*s = 2*z + 7. Let q(c) be the first derivative of 6 + 2*c**2 - s + c + c**2. What is q(-1)?
-5
Let s(x) = 2*x**2 - 3*x - 2. Let c = 1 - 6. Let r = 8 + c. Give s(r).
7
Let w(m) be the first derivative of -m**2/2 + 6*m - 22. Give w(4).
2
Let s(x) be the second derivative of 0 - 1/20*x**5 - 1/4*x**4 + 10*x + 0*x**2 + 5/6*x**3. Determine s(-4).
-4
Suppose b + b = -16. Let m = 10 + b. Let l(a) be the first derivative of -a**3/3 + a**2/2 + 2*a + 1. Give l(m).
0
Let i(q) = -2*q - 4. Let l(h) = -h**3 - 6*h**2 + h + 3. Let u be l(-6). Let k(b) = -b - 6. Let g be k(u). Calculate i(g).
2
Let q(s) be the second derivative of 0 + 4*s + 1/6*s**4 - 1/3*s**3 - 1/2*s**2. Calculate q(-1).
3
Let r(n) = -n**2 - 4*n + 7. Let l be r(-5). Let j(a) = 12*a + 1 + 1 - l*a - 1. What is j(1)?
11
Suppose 2*g = 5*g. Let r(c) = c - 2. Calculate r(g).
-2
Let n(k) be the first derivative of -k**3/3 - k**2/2 - 3*k - 7. Give n(-3).
-9
Let z(u) be the third derivative of -1/24*u**4 + 1/2*u**3 - u**2 + 0*u + 0. Suppose 0 = -3*p + 2 + 7. Give z(p).
0
Let x(j) = -j**3 + j + 1. Let o(f) = 3*f + 7. Let t be o(-5). Let n = 14 + t. Let d = 4 - n. Give x(d).
7
Let z(a) = -13*a - 9. Let v(i) = 9*i + 6. Let n be 7 - (2 + 0 + 0). Let m = 31 - 24. Let c(l) = m*v(l) + n*z(l). Give c(-4).
5
Let w(j) be the second derivative of j**2 - 2*j + 1/6*j**3 + 0. Give w(-6).
-4
Let n(r) be the second derivative of -r**7/840 - r**6/72 - r**5/24 - r**4/24 - r**3/3 - 6*r. Let i(s) be the second derivative of n(s). Give i(-4).
3
Let s(z) = -z**2 + 3*z + 6. Let r be s(5). Let k(y) be the first derivative of -y**2/2 + 5*y - 5. What is k(r)?
9
Let i be (-12)/8 + 3/6. Let a(w) be the second derivative of w**5/5 + w**4/12 - 2*w. Calculate a(i).
-3
Let z(r) be the second derivative of r**5/20 - r**4/3 + r**3/3 - 3*r**2/2 + 3*r. Calculate z(2).
-7
Let l be (1 - 0)/((-1)/(-7)). Let r(i) = -i + 5. Give r(l).
-2
Suppose 0*d = 2*d - 4. Let w(l) = -2*l**2 + 2*l - 2. Give w(d).
-6
Let s = -13 + 8. Let t(q) = 3*q**2 + 6*q - 2. Let u(m) be the first derivative of -16*m**3/3 - 15*m**2 + 11*m - 3. Let h(b) = -11*t(b) - 2*u(b). Determine h(s).
5
Let f(k) be the first derivative of -k**3/3 + 3*k**2/2 + 2*k + 25. Calculate f(-2).
-8
Let y(r) = -2*r**2 + r + 2. Let b = 45 - 43. What is y(b)?
-4
Let s(i) be the first derivative of -5/2*i**2 - 1/4*i**4 + 5/3*i**3 + 4*i - 4. Suppose 0*h + 3*h = 9. What is s(h)?
7
Let v(r) = -r**2 - 7*r - 6. Let w = -8 - 4. Let b be -6 - (-3)/w*0. Calculate v(b).
0
Let a(l) = -4*l**3 - 4*l**2 - 3. Let b(k) = -3*k**3 - 3*k**2 - 2. Let s(i) = -5*a(i) + 7*b(i). Give s(1).
-1
Let v(a) = 1 - 2*a**3 - 3 + 5*a + 5 - 2*a**2 + a**3. Calculate v(-3).
-3
Let i(j) = -j**2 + 6*j + 3. Let l(s) = 2*s**2 + 3*s - 3. Let d be l(-3). Calculate i(d).
3
Let u(h) be the first derivative of -2*h**2 + 6*h - 7. Give u(6).
-18
Let i be 5*((-3)/8 - (-237)/120). Let a(u) = -u + 8. Give a(i).
0
Let i(j) = 15 - 5 - 7*j**2 - 3 - j**3 - 5*j. What is i(-6)?
1
Let y(n) be the second derivative of 3*n**2 + 0*n**3 + n + 1/20*n**5 + 0 - 5/12*n**4. Let m = 16 + -11. What is y(m)?
6
Let b(i) = i**2 - 6*i + 4. Let u = 201 + -195. Determine b(u).
4
Let u(o) = 5*o**3 - 6*o**2 + 5. Let p(z) = -z**3 + z**2 - 1. Let n(x) = 6*p(x) + u(x). Suppose 2*v + 2*q - 8 = 0, v - 3*q + 12 = 5*v. What is n(v)?
-1
Let w = -16 - -16. Let j(h) = -h - 6. Give j(w).
-6
Let c(x) = -3*x**2 - 4*x - 7. Let r(z) = -3*z**2 - 3*z - 8. Let a(u) = 3*c(u) - 2*r(u). Let d be a(-2). Let q(o) = -2*o - 5. What is q(d)?
5
Suppose -4*k = -3*z + 3 - 2, 1 = -k. Let r(f) = -1 + f + 2*f**2 - f. Give r(z).
1
Suppose 5*x + 12 = 42. Let b(c) be the first derivative of c**4/4 - 2*c**3 + 3*c - 2. Calculate b(x).
3
Let x(r) = 4 + 1 - r + 0*r. Calculate x(-4).
9
Suppose 3 = 3*f - 0. Let d(s) = -4*s**2 - 1. Calculate d(f).
-5
Let s(l) = l**2 - 2 - 6*l + 7 - 4 - 5. What is s(6)?
-4
Let u(w) be the third derivative of -w**4/24 - 7*w**3/3 + 4*w**2 - 3*w. What is u(0)?
-14
Let b(r) = r**2 - r + 4. Let f be b(3). Suppose -5 = -5*z + f. Let m(k) = -k - 1. Give m(z).
-4
Let t(j) = -3 - 2 + 3*j**3 - 5*j - 4*j**2 - 2*j**3. Let d(o) be the third derivative of -o**4/12 - 11*o**3/6 - 3*o**2. Let r be d(-8). Determine t(r).
-5
Let j(l) = l**2 - 1. Suppose 10 = -2*y + 4*y. Let w be (-1 - -1)/3 + 3. Suppose k - w*c - 2*c = -3, -y*k - 5*c + 15 = 0. Determine j(k).
3
Let y be -1*1/2*0. Let z(w) = 5 + 4*w + y*w - 2*w. Give z(-4).
-3
Let c be (1 + 0)*0/(-6). Suppose -d + x - 1 + 10 = c, 3*d + 3*x = -3. Let s(u) = -2*u + 6. Let n(q) = 2*q - 6. Let b(r) = -4*n(r) - 5*s(r). Give b(d).
2
Let u(i) be the first derivative of i**3/3 - 7*i**2/2 + 9*i + 8. Let a be -3*1/(-12)*28. Determine u(a).
9
Let d(c) = -c**2 + 9*c + 13. Let f be d(10). Let a(x) = -6*x + 4 - f + 0. Give a(2).
-11
Let h(t) = -t - 8. Let d be h(-8). Let v(i) = 2 + d*i + 0*i + 4*i - 3*i. Calculate v(-5).
-3
Let u(k) = -k**3 + 14*k**2 + 4*k + 4. Let w(o) = o**3 - 16*o**2 - 5*o - 5. Let j(t) = 5*u(t) + 4*w(t). Suppose -2*d + 11 + 1 = 0. Give j(d).
0
Suppose -34 = -5*v - 4. Suppose v*w = w + 25. Let b = -3 + w. Let f(s) = s**3 - s**2 + 2*s - 2. Determine f(b).
6
Let w(l) be the first derivative of -l**3/3 - 2*l**2 - l + 6. Calculate w(-5).
-6
Let b(r) = 112*r**2 - 2 - 113*r**2 + 3*r + 2*r. Calculate b(3).
4
Let j(o) = o. Let g = -13 - -17. What is j(g)?
4
Let d(j) = -4*j - 1. Let p = -35 - -38. Give d(p).
-13
Let t(g) = -g**3 - 6*g**2 - 6. Suppose -4*z = -15*z - 66. Determine t(z).
-6
Let k(l) = -l**